/(-54)). Let u = d - j. What are the prime factors of u?
3, 17
Let u(z) = 3*z - 20. Let w be u(16). Let o be (8/10)/(w/(-70)). Let g(p) = -44*p - 5. List the prime factors of g(o).
83
Let n = 580 - 308. Let v(m) = -m**2 - 54*m + 178. Let g be v(3). Suppose -g*r = r - n. What are the prime factors of r?
2, 17
Let o = -215 - -221. Suppose -2*m + 204 = 2*u, 2*m = 2*u + o*m - 202. List the prime factors of u.
103
Let x(u) = 2204*u**2 + 784*u + 5. List the prime factors of x(-3).
17489
Let a(p) = -120 - 44*p - 66 + 96*p. List the prime factors of a(18).
2, 3, 5
Let n(x) = -6*x. Let q(k) = -77*k - 5. Let a(g) = 78*n(g) - 6*q(g). Let m be a(4). Suppose m*o - 165 - 957 = 0. What are the prime factors of o?
11, 17
List the prime factors of ((-7029)/(-27) - -1)*35*(-6)/(-5).
2, 7
Suppose 5*o = -w + 17862, -o + 53544 = 16*w - 13*w. What are the prime factors of w?
3, 661
Let j = 56 - 51. Suppose 0 = 5*d - j*t - 535, -d + 2*t = -t - 113. List the prime factors of d.
2, 13
Let o = -3272 - -4331. What are the prime factors of o?
3, 353
Let z = -325 + 261. What are the prime factors of z/(-384) + (-6430)/(-12)?
2, 67
Let f be 4573 + -5 + ((-24)/4)/(-2). Suppose -183*k + f = -176*k. What are the prime factors of k?
653
List the prime factors of 83832/98*70/15.
2, 499
Let k(o) = -679*o**3 - 16*o**2 - 28*o - 12. List the prime factors of k(-2).
2, 3, 11, 41
Let a(j) = -19*j + 11. Let i(w) = -19*w + 12. Let z(d) = 4*a(d) - 3*i(d). What are the prime factors of z(-10)?
2, 3, 11
Suppose 4*c - 138476 = -8*l, -2*c - 16*l = -17*l - 69208. What are the prime factors of c?
34607
Let m = -9 + 6. Let y(h) = -125*h - 21. List the prime factors of y(m).
2, 3, 59
Let f = 2614 - -158. What are the prime factors of f?
2, 3, 7, 11
Let i(r) = 33*r + 28*r + 10 + 3. Suppose 0 = 5*j + 2*h - 4 - 0, -3*h = 3*j + 3. List the prime factors of i(j).
3, 5
Let w = 42048 - 1817. List the prime factors of w.
40231
Let c be ((-1)/10)/((-4)/24)*-5. What are the prime factors of c/(-18) + 18472/48?
5, 7, 11
Suppose 284108 + 121588 = 64*g. What are the prime factors of g?
3, 2113
Suppose 0 = 23*l - 34*l + 63877. Suppose -5*m - 1417 = -l. What are the prime factors of m?
2, 439
Suppose -73295 = -66*u + 64*u - 3*l, -3*u = 8*l - 109932. List the prime factors of u.
2, 7, 11, 17
Let d(x) = 602*x + 33. Let h be d(6). What are the prime factors of (-12)/16 + h/12 + 0?
3, 101
Let t(m) = 8630*m + 275. What are the prime factors of t(2)?
3, 5, 7, 167
Let a = 34422 + -32670. What are the prime factors of a?
2, 3, 73
Suppose -6 = -3*r - 3*y, -r + 3*y = 2*y - 2. Suppose -r*o = -4*q - 1026, -5*o - 6*q + 2565 = -7*q. What are the prime factors of o?
3, 19
Suppose 77*w = 73*w + 52. Suppose 5*z + h - 19 = 3*h, 2*z - 5*h = 16. Suppose w*c = z*c + 800. List the prime factors of c.
2, 5
Let k = 78 - 58. Suppose -k - 20 = 2*m. Let v = m + 43. List the prime factors of v.
23
Suppose 0 = -2*j + 4*a + 618, -2*j - a + 930 = 327. Let f = -27 + j. Let p = f + -110. List the prime factors of p.
2, 83
Let f be 7 + -87 - (1 + -3). Let m = f + 48. Let j = m - -90. What are the prime factors of j?
2, 3, 5
Let p(x) = 16*x**2 - 26*x + 110 + 0*x**2 - 99 - x**3. What are the prime factors of p(10)?
3, 13
Suppose 10*p + 18*p - 84 = 0. Suppose -3*l = -3*g - 34 + 178, -5*l - 134 = -p*g. What are the prime factors of g?
53
Let p(h) = -h**2 + 7*h + 4. Let g be p(-7). Let l = -89 - g. Suppose 3*a + 0*i - 251 = l*i, -2*a + 3*i + 168 = 0. What are the prime factors of a?
3, 29
Let c = -465 - -11234. What are the prime factors of c?
11, 89
Let d(o) = -o + 164. Let b be (4 + (-11)/3)*(6 - 6). What are the prime factors of d(b)?
2, 41
Suppose -64*k + 68*k = -20, 5*o - 2*k - 16845 = 0. What are the prime factors of o?
7, 13, 37
List the prime factors of 12537*(-11)/(-627)*19.
3, 7, 199
Let k be (2 - -3)/30 + (-181)/6. List the prime factors of ((-48)/k - 4)/((-6)/820).
2, 41
Suppose -4*q + 5748 = 4*f - 3*q, 0 = 5*q. Suppose 0 = -3*o + f + 180. What are the prime factors of o?
7, 11
Let q = 15445 - 9359. What are the prime factors of q?
2, 17, 179
Suppose -108*t + 25*t = -3659138. List the prime factors of t.
2, 7, 47, 67
Suppose 0 = 2*i - 16 + 18. What are the prime factors of (i/(6/(-4)))/((-60)/(-8550))?
5, 19
Suppose -848 = 82*w - 366814. What are the prime factors of w?
4463
Suppose -9*z + 4*z - 4*b = -48, 0 = 4*z + b - 34. Suppose 3168 = -z*k + 14*k. List the prime factors of k.
2, 3, 11
List the prime factors of (-91 + 94)/((-6)/(-13582)).
6791
Let l(m) = m**3 - m - 8. Let g be l(0). Let h(a) be the second derivative of a**5/20 + 5*a**4/6 + 9*a**2/2 - 1416*a. List the prime factors of h(g).
137
Let n be -4 + 4361/42 + (-14)/(-84). Suppose 3*u = -0*u + 432. Let d = u - n. What are the prime factors of d?
2, 11
Let k = -15988 - -47666. What are the prime factors of k?
2, 47, 337
Let i be 12 - 9 - -1*(-1 + 1104). Suppose 0 = 6*g - 13*g + i. What are the prime factors of g?
2, 79
Let d(w) = w**3 - 2*w**2 - w + 9. Let y be d(0). Let i be (-2 - (-3 + y))/(3/(-18)). Suppose -6*m + 852 = i. What are the prime factors of m?
2, 67
Suppose 46*b = 39*b - 126. Let u = b + 207. List the prime factors of u.
3, 7
Suppose 0 = 1223*o - 1221*o - 3*i - 50946, 3*o - 2*i - 76399 = 0. List the prime factors of o.
3, 23, 41
Suppose q + 0*q = -6*q. Let y be 2/1 + -1 - q. List the prime factors of (y + 2 + -30)/((-1)/4).
2, 3
Suppose j - 4 = -2*h, -2*j + 10 = -h - 3. Suppose j*a + a = 63. Suppose a*t - 474 = 3*t. List the prime factors of t.
79
Suppose 0*s - 2*z = -5*s - 4240, 4*z - 1680 = 2*s. Let w = s + 1199. List the prime factors of w.
349
Let x = 5212 + -492. Suppose 80*h + x = 84*h. What are the prime factors of h?
2, 5, 59
Let d(k) = -k**3 - 2*k**2 + 6*k + 7. Let l be d(-3). Let c be l/(-3) - (-116)/6. Suppose -56 - 460 = -4*g - 4*m, -5*m + c = 0. List the prime factors of g.
5
Let p(g) = 6*g + 74. Let q be p(-12). Suppose 0 = 4*w + 5*n - 1266, -2*n = q*w - 346 - 288. List the prime factors of w.
11, 29
Let x = -52 + 56. Suppose 2*i + x*i - 1890 = 0. What are the prime factors of i?
3, 5, 7
Suppose 583719 - 3097608 = -63*s. What are the prime factors of s?
3, 47, 283
Let n(r) = -126*r + 5074. List the prime factors of n(-25).
2, 257
Let t = -137 + 135. Let g be t/(-3)*(5 + -8). List the prime factors of (0 - 211/g) + (-15)/10.
2, 13
Let u = 60 + -68. List the prime factors of u/(-14) + 15348/42 + 10.
2, 47
Suppose 5*l - 36251 = -o, l + 29*o = 31*o + 7237. What are the prime factors of l?
11, 659
What are the prime factors of 27/(-3)*3*(182/14 + -304)?
3, 97
Let s(g) = -g**3 + 89*g**2 - 71*g + 2317. List the prime factors of s(88).
3, 31, 41
Let u(x) = 22809*x**3 - 4*x**2. What are the prime factors of u(1)?
5, 4561
Let z = 8021 - 2082. What are the prime factors of z?
5939
Suppose -203630 - 133045 = -25*m. What are the prime factors of m?
3, 67
Suppose -o - 231849 = -4*w, 65626 - 7660 = w - o. List the prime factors of w.
149, 389
Let v = 61 + 11. Let n be (-13)/((-52)/v) - 4. List the prime factors of (66/(-12))/((-1)/n).
7, 11
Let o(s) = s**2 + 7*s - 4. Let a be o(-8). Let v be 12 + (-5 - 2607/(-11)). Suppose 6*z - 3*z - v = -a*n, -2*z + 158 = -2*n. What are the prime factors of z?
2, 5
Suppose 38409 = -22*q + 45897 + 69600. List the prime factors of q.
2, 3, 73
Suppose 12*f + 12 = 9*f. Let t be 6/f - (-1332)/24. List the prime factors of 14/(-21)*t/(-4).
3
Let l(u) = u - 72. Let c be l(21). Let y = -18 - c. Suppose 102 = 5*r - y. What are the prime factors of r?
3
Suppose 2*a = -4*o - 5 + 9, -3*o = 5*a + 25. Let q(p) = -p**3 - p**2 + 22*p - 13. What are the prime factors of q(a)?
7, 37
Let v = -256 + 336. List the prime factors of ((-3584)/v)/(4/(-70)).
2, 7
Let i = 672 - 669. Suppose -4*w - i*w + 3423 = 0. List the prime factors of w.
3, 163
Suppose 10*k = -22*k + 384. Suppose 661 = c - l, 8*c = k*c + 3*l - 2630. What are the prime factors of c?
659
Let a = 10488 + 4843. List the prime factors of a.
15331
Suppose 20*g - 41032 = 16*g + 4*f, 51298 = 5*g - f. What are the prime factors of g?
2, 3, 5, 19
Let u(n) = 19*n**3 - n**2 - n + 1. Let g be u(1). Let o be (-16)/(-40) + g/5. Let m(c) = 2*c**3 - 4*c**2 + 5*c - 5. List the prime factors of m(o).
79
Let r be 1726/14 - 68/238. Let b = r + 434. List the prime factors of b.
557
Let i be 16/40 + (